96a
In base 16, what is -31 - 39a546?
-39a577
In base 3, what is -122211100020222 + 12?
-122211100020210
In base 11, what is 547 + -56009?
-55572
In base 7, what is 2141321 + -424?
2140564
In base 8, what is -6310 + -20147?
-26457
In base 14, what is 3a - -1d6d24?
1d6d60
In base 15, what is 4 + 8a18b5?
8a18b9
In base 3, what is -220 + -220101000120210?
-220101000121200
In base 11, what is 67795 + 2561?
6a246
In base 15, what is 3 - -49135d4?
49135d7
In base 7, what is -325130061 + -3?
-325130064
In base 16, what is 251e - -7d?
259b
In base 3, what is 1212201000 - -12222202?
2002200202
In base 4, what is 1033002320 + 2?
1033002322
In base 14, what is -47b661b3 + 5?
-47b661ac
In base 8, what is 14 + -4174015?
-4174001
In base 8, what is 102310104 - -1?
102310105
In base 2, what is -10001100000 - 100001111100?
-110011011100
In base 4, what is 1 - 122030320222?
-122030320221
In base 10, what is 187 + -189484?
-189297
In base 16, what is 1ad24c1 + 4?
1ad24c5
In base 9, what is 134160 - -4?
134164
In base 8, what is 50 - -12736657?
12736727
In base 4, what is -11133311100131 + 11?
-11133311100120
In base 11, what is 3 - 1038212?
-103820a
In base 9, what is -111870 + 117?
-111752
In base 5, what is -14320232 - -14401?
-14300331
In base 14, what is -c50d8d + 0?
-c50d8d
In base 13, what is -23c + 1278?
1039
In base 3, what is 1220112212 + -210212201?
1002200011
In base 15, what is -27 - 498cad?
-498cd5
In base 3, what is 120010021112 - 1100?
120010020012
In base 13, what is 4aa858 + 55?
4aa8b0
In base 11, what is 365a4 - -9024?
44618
In base 12, what is -4931406 - 1a?
-4931424
In base 8, what is 4172251 - 3?
4172246
In base 3, what is -2010120100000 + 111?
-2010120022112
In base 4, what is -100033 + 13100033?
13000000
In base 13, what is c + -83b9b?
-83b8c
In base 11, what is -2136008 - 125?
-2136132
In base 8, what is 260 + -3351?
-3071
In base 7, what is 146465060 + -12?
146465045
In base 14, what is -44dc + c8a2?
83a4
In base 11, what is -4724 + -11a80?
-166a4
In base 16, what is cccc9f - -2d?
cccccc
In base 14, what is 3 - -8185a?
8185d
In base 8, what is 5 + 30022347?
30022354
In base 7, what is 0 + 36220343?
36220343
In base 4, what is 1130030 + -123000020?
-121203330
In base 5, what is 12 + -1424342202?
-1424342140
In base 11, what is 1515158 - 25?
1515133
In base 16, what is 10832 - -3c4?
10bf6
In base 15, what is -49a + -158825?
-158cc0
In base 15, what is b + 1218bbe?
1218bca
In base 4, what is -2010 + -3321113233?
-3321121303
In base 7, what is 4001 - 1513?
2155
In base 14, what is a8a2bc5 - 6?
a8a2bbd
In base 5, what is -1011 + -1110014003?
-1110020014
In base 4, what is 202221003211 - 113?
202221003032
In base 15, what is -609ca - 85?
-60a60
In base 5, what is 1002130232 - 12?
1002130220
In base 7, what is -4456 - -31141?
23352
In base 15, what is 2052 + 45?
2097
In base 9, what is 3 + -366484724?
-366484721
In base 4, what is -110102 - -322211111?
322101003
In base 8, what is 323724170 - 3?
323724165
In base 11, what is -12884 + 6716?
-7169
In base 14, what is 11 - -a34d05?
a34d16
In base 2, what is -101001000000100100 + -1011100?
-101001000010000000
In base 10, what is 399507 + -2?
399505
In base 5, what is 123102033 + -3?
123102030
In base 14, what is -5a80 - bb6?
-6856
In base 12, what is -49b539a - 28?
-49b5406
In base 2, what is 10100001001101 - 110001?
10100000011100
In base 7, what is -44432 - 2544?
-50306
In base 8, what is -532556 - -100?
-532456
In base 11, what is -1265689a - -3?
-12656897
In base 16, what is 7 - -1709a9?
1709b0
In base 11, what is -280850 + -22?
-280872
In base 16, what is -34893 - 117?
-349aa
In base 12, what is 1 - 6168818?
-6168817
In base 2, what is 111111000001111000100 + 100?
111111000001111001000
In base 11, what is 48890 - -37?
48917
In base 2, what is 11 + -100010000100000101010001?
-100010000100000101001110
In base 4, what is 22013103112 + -233?
22013102213
In base 3, what is 1110200211212101 + -1?
1110200211212100
In base 12, what is 31 - 57187?
-57156
In base 2, what is -10010110000 + -101001010101000001?
-101001100111110001
In base 12, what is -2aa7 + bb8?
-1aab
In base 15, what is 22 - 4430a?
-442d8
In base 2, what is 10 - 10000011111111111?
-10000011111111101
In base 13, what is -34ac1 - 1193?
-35c84
In base 7, what is -655322102 - 16?
-655322121
In base 8, what is 3474 - 1323437?
-1317743
In base 9, what is -121 + 3116875?
3116754
In base 6, what is 2 + 12311051?
12311053
In base 5, what is 3 - -3444121331?
3444121334
In base 3, what is 2021 + -12000011012101?
-12000011010010
In base 5, what is -401334013434 - -4?
-401334013430
In base 7, what is 314305 - -2305?
316613
In base 15, what is -b03b - 49?
-b085
In base 16, what is -6de + -18dee?
-194cc
In base 10, what is -10 - 28981?
-28991
In base 15, what is -2c - e450?
-e47c
In base 4, what is 1 - -1313021011121?
1313021011122
In base 10, what is 586 + 1111160?
1111746
In base 8, what is -104 - -4531463?
4531357
In base 16, what is -14ee6 - -105?
-14de1
In base 3, what is 212110 + 1110002120?
1110222000
In base 15, what is 13966 + 691?
14107
In base 10, what is 9808182 + -3?
9808179
In base 3, what is 0 - -10021121100011?
10021121100011
In base 16, what is dac21a + -4?
dac216
In base 6, what is -55000 - -1123144?
1024144
In base 10, what is 1731 - -143638?
145369
In base 7, what is -11 - -1150035?
1150024
In base 12, what is 8 - 3837b7?
-3837ab
In base 3, what is 1222020021221010 - -1101?
1222020021222111
In base 9, what is 1380305 - -2?
1380307
In base 9, what is -1 - 7701630?
-7701631
In base 5, what is -131 + 30414000?
30413314
In base 3, what is -111021111 + -120002?
-111211120
In base 6, what is -4123 + 21223453?
21215330
In base 11, what is -2 - 24a750a?
-24a7511
In base 11, what is 1 + 330aa29?
330aa2a
In base 3, what is -201102010201222 + 1?
-201102010201221
In base 8, what is 3462727433 - 1?
3462727432
In base 8, what is 5 + 560777022?
560777027
In base 16, what is -71503b - -1?
-71503a
In base 9, what is 1738673217 - -5?
1738673223
In base 6, what is -411 - -220145142?
220144331
In base 7, what is 531241021 - -5?
531241026
In base 5, what is 311 - 134214130?
-134213314
In base 10, what is -54569327 + 2?
-54569325
In base 2, what is -100001110101110000 + 100101?
-100001110101001011
In base 8, what is -106 + -204631?
-204737
In base 4, what is 12131010133 - 10322?
12130333211
In base 16, what is 15fc4 - -654?
16618
In base 5, what is 12042212 + -2200?
12040012
In base 5, what is 101 + 3332423023?
3332423124
In base 6, what is -50430 + -53121?
-143551
In base 10, what is -2456 + 16344?
13888
In base 11, what is -8519341 + 2?
-851933a
In base 6, what is 4 - -14111214222?
14111214230
In base 6, what is -2304245 + -415?
-2305104
In base 10, what is 56 + -1276744?
-1276688
In base 10, what is -2 - -616884?
616882
In base 13, what is 2437295 - 8?
243728a
In base 5, what is -4 - 13023410444?
-13023411003
In base 16, what is 35d257 + -6?
35d251
In base 10, what is -43043 + 568?
-42475
In base 12, what is -63aa + 1547?
-4a63
In base 4, what is 1310 + -1323003?
-1321033
In base 9, what is 52840306 - -4?
52840311
In base 9, what is 1181373 + -86?
1181276
In base 11, what is 4 - 2a7777a?
-2a77776
In base 12, what is 106 + -19bb0?
-19aa6
In base 9, what is -401338 - 22?
-401361
In base 7, what is 12500 + 36042?
51542
In base 9, what is 60051665 - 3?
60051662
In base 3, what is 12120201 + 2100220111?
2120111012
In base 4, what is 31 - 113302113331?
-113302113300
In base 14, what is -974603ba + -5?
-974603c1
In base 16, what is 4ee1f3 + 14?
4ee207
In base 14, what is -852847 - -11?
-852836
In base 14, what is 582a - 32d?
54db
In base 6, what is -10230 - -1104410?
1054140
In base 11, what is 11 + 73218?
73229
In base 3, what is -11120001 + 202122211?
121002210
In base 10, what is -8285 - 60?
-8345
In base 11, what is 15 + 4a3800?
4a3815
In base 14, what is 110 - 3310d?
-32ddd
In base 12, what is 12 + -6882336?
-6882324
In base 3, what is 112120101201210 + -1100?
112120101200110
In base 13, what is 61 + -4804c8?
-480467
In base 8, what is 106 - -12671152?
12671260
In base 14, what is -490a + -87d0?
-d2da
In base 7, what is -2 - 1424603561?
-1424603563
In base 10, what is 5064 - 255?
4809
In base 2, what is -11000011 + 10000101111011000?
100001011000